of 13 + (-43 + 9 - -14)?
-7
(-17 - 1) + (9 - -5) + (-1 - 4)
-9
Evaluate -14 + (16 + -7 - -19).
14
Calculate 2 + -4 + 20 + (-11 - -2).
9
Evaluate (-7779 - -7771) + (-1 + 0 - 5) + -1.
-15
What is -12 - -2 - (-34 + 10 - -20)?
-6
Evaluate 5 + (-26 - (2 - -1)).
-24
What is -2 + -7 + -3 + -7 + (-8 - -13)?
-14
What is 8 + -4 - (81 - 94)?
17
Calculate (3 + 3 - (-39 + 50)) + 6.
1
What is -5 + -9 - (20 - 7) - -8?
-19
Calculate 71 - 68 - (-1 + 2 + 0).
2
Evaluate (-9 - -3) + 6 + 1 - 0.
1
-2 - (0 + 11 + -1 + -1) - -6
-5
1 - 6 - ((55 - 51) + (-1 - 6))
-2
Calculate 2 - (0 + -12 + 3).
11
Calculate 13 - (0 + -13 + 7 + 9).
10
Evaluate 9 - (0 + -7 - -3).
13
-8 - (33 + (15 - 20) + 0 + -10)
-26
-7 + -2 + (7 - (-6 + 13))
-9
What is the value of 18 - (6 + -8 + 13)?
7
What is the value of -10 + -2 - (-7 + -7)?
2
What is 21 + (45 - (42 + 31))?
-7
What is the value of (19 - 21) + 6 + -1 + -5?
-2
What is 20 + (16 - 35) - 9?
-8
What is the value of 1 - 16 - (8 + 0 + -14)?
-9
Evaluate 4 + 1 + ((7 - 3) + -9 - 4).
-4
Evaluate 22 + (24 + -28 - 10).
8
Calculate 8 + -6 + 3 + 6 + -14 + 1.
-2
Calculate -14 + 27 - (23 + -4).
-6
What is -1 - 1 - (4 + (1 - -6) + -10)?
-3
What is 27 + -59 + (14 - -4)?
-14
What is 0 + (-7 - 9 - -6)?
-10
What is -14 + 10 + -10 - -16?
2
What is the value of 4 + (9 - 1) + -20 + 28?
20
What is (-10 - -4) + (2 - (2 - (5 - 1)))?
-2
Calculate (171 - 187) + (0 - -18).
2
13 - (-4 - (-5 - (4 + -11)))
19
What is the value of (-9 - 11 - -10) + (-1 - -4) + -4?
-11
9 + 1 + 0 + -12 - -14
12
(-2 - (1 - (-1 - -3))) + (-57 - -59)
1
Evaluate 0 + (-62 - -54) + (17 - 0).
9
Evaluate 20 + (1 - (-13 - -13) - 6).
15
Calculate 16 - (12 + (1 - -5)).
-2
Evaluate 5 - (-2 + 1 + (-11 - (5 + -14))).
8
4 + 1 + 0 + -15 + 175 + -154
11
What is 2 + 0 + -10 + (-13 - -9)?
-12
What is the value of 8 + (-2 - -5) + (138 - 124)?
25
Evaluate (5 + 3 - -4) + (0 - -1).
13
Evaluate (-2 - -18) + (-3 - -1 - 3).
11
What is -5 + 1 - (-65 + (45 - -6))?
10
Calculate -11 - -5 - (6 + (1 - -14)).
-27
-3 + -27 + 16 + -2 + -2
-18
Calculate (1 + 1 - -1) + 1 + 3 + 1.
8
22 - (1 + -3 - -18 - 19)
25
-3 + (2 - 8 - (30 - 27))
-12
5 + (1 - (-3 + 2) - 2)
5
What is the value of 10 + -55 + (14 - -1 - -1)?
-29
Evaluate (6 - (11 + -3) - 1) + 20 + 1.
18
Evaluate -2 + 1 + -4 + 0 - 1.
-6
5 + (2 + -5 - (1 - 4)) - 1
4
What is 7 + -11 + -3 + (10 + -3 - 23)?
-23
Evaluate -14 + (9 - -5) - (-39 + 16).
23
What is 18 + (-30 - -12) + (5 - 1)?
4
What is the value of -1 - 6 - ((4 - 2) + -2)?
-7
What is 17 + 25 + (16 + -46 - -15)?
27
What is 0 - 5 - -1 - (-168 + 165) - 30?
-31
What is (6 - (28 - 29)) + 0 + -10?
-3
What is -14 + (17 + -28 - -17)?
-8
Evaluate -34 + 18 - 1 - -6.
-11
Calculate -1 + (-3 - (0 + -3 - 3) - -1).
3
(2 - -26) + -161 + 145
12
Evaluate 6 + -4 + 0 + (1 - 8).
-5
What is -9 + -1 - ((-15 - 12) + (20 - 27))?
24
Evaluate -5 + (6 - -3) + (3 - (-4 + 9)).
2
(-8 - -8 - 7) + (-1 - 0)
-8
What is the value of -2 - (11 - (-1 + 34))?
20
Evaluate 37 + 20 + -65 + 20.
12
What is the value of 11 + (-5 - 1 - (42 + -39))?
2
Evaluate (-211 - -214) + (-1 - 5).
-3
What is the value of -13 + 31 + -9 - 40?
-31
What is 4 - (-5 + (0 - -4 - 9))?
14
8 - (-7 + 31 + 2)
-18
What is the value of (0 - -5) + (42 - 12 - 19) + -18?
-2
What is -9 + 8 + 12 + (-4 - -1)?
8
Evaluate -5 + -21 + (0 - 6 - 7) + 12.
-27
What is the value of (-20 - (-29 - -14)) + 0 + -6?
-11
Evaluate (-16 - (-20 + -3)) + 2.
9
Calculate (3 + -15 - (-61 + 50)) + -1.
-2
What is -14 + (-1 - 4 - -12) - 0?
-7
29 + (-9 + 24 - 21)
23
What is the value of (4 - 7 - -16 - 8) + -5?
0
What is -27 + (0 + -5 - -49)?
17
What is the value of 1 - (2 + -6 + 0 + 4)?
1
What is the value of 5 + (5 - (3 + 2)) + (8 - 2)?
11
What is (2 + -2 - (1 - -1)) + -6 + 17?
9
What is -2 - (0 - 5) - (-5 + 9 - 4)?
3
Evaluate -5 + -4 + (8 - 4 - (5 - 6)).
-4
Calculate 5 - 23 - (-9 - (0 + (-14 - -6))).
-17
What is the value of 12 - (11 - (9 + -3))?
7
What is 9 + (-2 - 2) + -11 - -9?
3
-15 - (-3 - (4 - 2))
-10
What is 71 + -82 + (7 + -2 - 3 - -4)?
-5
Calculate -24 + (21 - (-14 + 26)).
-15
What is the value of 20 - ((7 - 9) + 0)?
22
Evaluate -48 + 32 - (-13 + -1).
-2
What is the value of -620 - -607 - (1 + -24)?
10
What is the value of (-8 - -1 - -17) + (-3 + -2 - 2)?
3
What is the value of 17 - ((-23 - -25) + 0 + -1 + -4)?
20
-9 + 1 + 16 + -7
1
What is the value of (0 - (0 - 0)) + (269 - 262)?
7
20 - (-3 + 7 - 2) - (3 - -5)
10
What is the value of -3 + 3 + 3 - 5 - (-76 + 82)?
-8
What is the value of (-2 - 16) + 10 - 0 - 7?
-15
Evaluate (-1 + -5 - (-73 + 64)) + 2 + 25.
30
What is the value of 16 + -18 - (11 + -9)?
-4
Calculate -97 + 114 + (5 - 5).
17
Calculate (1 + 3 - -4 - 2) + -40.
-34
Calculate 16 + (-6 + 15 - (8 + -8)).
25
What is 3 - (4 + (-28 - -5))?
22
Evaluate (7 - (3 + -5)) + (-5 - (-2 + 2)).
4
What is (-12 - (6 + 1)) + -7 - -4?
-22
Evaluate (-99 - -113) + (-5 - 1 - (-3 + 2)).
9
What is the value of -21 - (1 - 21) - ((-1 - -5) + 1)?
-6
Evaluate 3 + (-5 + 3 - (32 + -23)).
-8
What is -31 + (0 - -1) - (-226 - -218)?
-22
Evaluate 240 + -251 + 22 + 0 - -2.
13
What is the value of 14 + -53 + (-70 - -116)?
7
Evaluate (-1 - 2 - (-19 - -18)) + -3.
-5
Evaluate 9 + 6 + -6 + -4 - 9.
-4
What is the value of (-35 - -35) + (5 - -3)?
8
3 + -15 + 6 + (1 - (6 - 1))
-10
What is 6 + -8 + 1 + -1 - (5 + -22)?
15
Calculate (72 - 128) + (25 - 4).
-35
What is the value of (4 - 4) + -1 + -5 + 1?
-5
What is the value of 1 + -4 - 5 - (68 - 94) - 8?
10
What is 0 + 8 + (561 - 582)?
-13
Evaluate 10 + -7 + 8 + -6.
5
(-3 - -13 - -7) + (2 - 10)
9
What is the value of 1 + -42 - (680 + -700)?
-21
Evaluate 7 + (0 - 1) + -15 - -11.
2
Calculate -37 + 48 - (15 + 1).
-5
Evaluate -8 - -9 - 4 - -1 - (-4 + 11).
-9
Evaluate 7 - (11 - (12 - 14)).
-6
Evaluate 31 + -10 + -15 + (-12 - -8).
2
11 - (-2 + 12 - 6)
7
What is the value of (-3 - -2) + -13 + (6 - 0)?
-8
Calculate -10 + (-4 + (-19 - -10) - -2).
-21
What is -12 - (-33 + 11) - 3?
7
Evaluate (-4 - -2 - 5) + 9 + 7.
9
What is the value of -2 - (6 - 10 - -17)?
-15
Calculate 7 + -17 - 1 - -8.
-3
What is 9 + 26 - (12 + (-5 - -6))?
22
What is -1 - 0 - (-42 - -53) - (-2 - -3)?
-13
What is 22 + (-53 - -43 - (-14 + 0))?
26
Evaluate (24 - (-4 - -5 - -13)) + -28.
-18
(62 - (2 - -34)) + -41
-15
(10 - -1) + -77 + 60
-6
-20 + (-2 - 3 - (-46 - -39))
-18
1 + 2 + (-4 - (-1 + -9)) + -3
6
Calculate -5 + (-13 - -34) + -3 + -2.
11
Calculate (6 - -2 - -2) + -27 - (-7 + 1).
-11
Evaluate (12 - (3 - (7 - -3))) + -6.
13
What is the value of 4 + -2 + 4 + (-2 + 11 - -6)?
21
6 - 0 - (9 - (-2 - -21) - -2)
14
What is (0 + -13 + 23 - 19) + -9?
-18
Calculate (-9 - -1 - (-160 + 169)) + -7.
-24
What is the value of -3 + -12 - (-79 - -80)?
-16
Evaluate -28 + -16 + 16 + 14.
-14
What is the value of (8 - (10 - 13)) + 2 + 2?
15
What is the value of -21 + -26 + (-9 - -75)?
19
Evaluate 10 + 16 + (16 - 17) + 7.
32
4183 + -4192 - (13 + 3 + (0 - -2))
-27
Calculate 11 + 2 + 57 + -66.
4
What is (7 - -6) + -4 + (-14 - 4)?
-9
What is the value of 3 + 2 + -6 + 3 - (33 - 1)?
-30
What is 3 + (7 + -13 - 0) - -1?
-2
-33 - (48 + -21 - 46)
-14
-13 + 11 - (0 + -2 - (29 + -9))
20
What is -15 + (25 - (-26 + 44))?
-8
Calculate (12 - 1) + (9 - 9) + (17 - 15).
13
What is -11 + (15 - (3 - 15))?
16
What is (11 - -9) + 6 - 4?
22
What is the value of -8 + (-8 - (9 - 27 - -6))?
-4
What is 20 - (33 - (43 - 19))?
11
(-34 + 27 - 7) + (-2 - -12) + 2
-2
-3 - 1 - -29 - (-32 - -42)
15
What is -11 + 24 + -32 + 35?
16
Evaluate (-2 - -3 - (-19 - -6)) + -10 - -10.
14
What is the value of 8 + 10 + (0 - (8 - 2) - -4)?
16
Calculate (33 + -42 - (0 + -10)) + -15 - 1.
-15
(-246 - -238) + (4 + -2 - 9)
-15
11 - (5 + 1) - (-14 + (7 - -34))
-22
What is the value of (-10 - 2) + (2 - -3) - (1 + 1)?
-9
Calculate -22 + (7 - -1) + 30.
16
(4 - (6 - (9 + 0))) + 5 + 3
15
Calculate -3 - (3 + 3 + -1 - (-160 + 159)).
-9
Evaluate (-25 - -19) + (0 + 0 - -8).
2
Evaluate -12 + -1 - (-5 - -6 - (8 + -1)).
-7
What is 22 - (19 + 10 - 18)?
11
What is 1 - -16 - 33 - -8?
-8
What is the value of -129 + 120 + 2 + 0 + 14?
7
Calculate -3 + 3 + 25 - ((34 - 70) + 44).
17
Evaluate -21 - (-8 + -4 + 0).
-9
Evaluate -12 - (-5 - 3) - 3 - 1.
-8
What is the value of (9 - 2) + (-1 - 25) + 8?
-11
What is the value of (-12 - -25) + -28 - -31?
16
What is the value of 15 - (-32 - -16 - -36)?
-5
What is the value of (4 - (0 +